k)/(2/(-26))?
1
Let v = 3 + -5. Let l = 32 + v. Suppose -t - 1 = -3*h, -3*h + 8*h - l = -4*t. What is the units digit of t?
5
Suppose -2 = 3*g - 4*g - 3*i, 5*g - 5*i = 30. Suppose -5*o = -4*c - 41, g*o + 3*c = -0*c + 13. Suppose 4*w + o = 41. What is the units digit of w?
9
Let j = -230 - -392. What is the hundreds digit of j?
1
Suppose -2*p + 4*l = -8, 2*p - 4*l = p + 6. Let h = -4 + 3. What is the units digit of 1 - h - (p - 1)?
1
What is the tens digit of (-1)/((-130)/287 - 24/(-56))?
4
Let f(l) = l**3 + 7*l**2 + 5. Suppose h = -8 + 1. What is the units digit of f(h)?
5
Let i be 5*-1 + -1 - 2. Let g = 19 + i. What is the units digit of g?
1
Let d = -6 - -52. What is the tens digit of d?
4
Suppose -26*v + 8*v = -4788. What is the tens digit of v?
6
Suppose -4*d - 3*y = -520, -d + 59 = 4*y - 58. What is the hundreds digit of d?
1
Let g be (-3 - -1) + 0 + 36. Suppose -5*s + g = -81. What is the units digit of s?
3
Suppose -v + 600 = 3*v. What is the hundreds digit of v?
1
Suppose 9 + 104 = 2*r - 5*o, -3*r + 157 = 5*o. Suppose 5*w + q + 76 = -1, r = -4*w + 3*q. Let s = w - -29. What is the units digit of s?
4
Suppose 4*l - 12 = -0*n - 2*n, 2*l + 5*n = -10. Let b be (6/9)/(1/12). Suppose b = -f + l*f. What is the units digit of f?
2
Let r = 7 + -5. Suppose 2*o - 52 = -r*o. What is the tens digit of o?
1
Let q(z) = -z**3 + 6*z**2 + 2. Let r be q(6). Suppose 2*b - l - r = b, -5*l = -2*b - 11. Let o(w) = w**3 - 7*w**2 + 3. What is the units digit of o(b)?
3
Let s = 234 + -83. What is the hundreds digit of s?
1
Suppose 4*t = -0*b + 4*b + 116, -3*b - t - 87 = 0. Let k = b - -46. What is the tens digit of k?
1
Let c = 1 - 4. Let x(b) = 26*b + 2. Let d be x(-3). What is the units digit of 1/c - d/12?
6
Suppose -2*p - 80 = -7*p. What is the tens digit of p?
1
Suppose -2*o = -17 - 13. What is the units digit of o?
5
Let x = -425 + 722. What is the hundreds digit of x?
2
Suppose 406 = j + 3*j - 2*q, 4*j + q - 397 = 0. Suppose 5*y - j = -d, -5*y - 3*d + 80 = 2*d. What is the tens digit of (6 + 0)*y/6?
2
Suppose -3*t + 212 = 2*t - 4*q, -3*t + 105 = 5*q. Suppose -3*o = o - t. What is the units digit of o?
0
Let m(u) = 2*u**2 - 3*u - 3. Let l = -10 - -7. What is the units digit of m(l)?
4
Let s = -54 + 164. What is the hundreds digit of s?
1
Suppose -3*w + 247 - 85 = 0. Suppose -4*c = -i + w, i = 4*i + 3*c - 87. What is the tens digit of i?
3
Suppose -3*k + 5*f = -6, -2*f = 3*k - 5*f - 6. Suppose -2*g = 4*h + 17 - 103, -2*h = k*g - 44. What is the units digit of 1*(-1 + 2)*h?
1
Let x(j) = 8*j**2 + j + 1. Let n be x(-2). Suppose -5*f + 15 = 0, 0 = -2*y + 2*f - 4*f + 16. Suppose -y*z = n - 81. What is the tens digit of z?
1
Suppose 14 = 5*n + 4. Suppose n*l - z + 20 = 0, 5*l + z + 80 = -4*z. What is the units digit of (-8)/3*l/8?
4
Suppose 3*c = 2*k + 3, 5*k + 2*c - 6*c + 18 = 0. What is the units digit of (-2)/k + 28/6?
5
Suppose 15 = o - 0*o. What is the units digit of o?
5
Let f = 71 + 32. What is the units digit of f?
3
Let r be (-12)/16 - 139/(-4). What is the tens digit of -2 + r + (-3)/3?
3
Let y(j) = j + 12. Let u be y(-8). Let a(x) = 12*x**3 - 2*x + 1. Let d be a(1). Suppose -1 - d = -u*s. What is the units digit of s?
3
Let q be (-6)/(-21) - (-26)/7. Suppose -q*v + 2*s = -s - 28, 4*v - 52 = -3*s. What is the tens digit of v?
1
What is the units digit of 33 + 0 + 1 + -3?
1
Let w(z) = z**3 + 16*z**2 + 9*z + 7. What is the tens digit of w(-15)?
9
Let p(a) = -2*a + 7. What is the tens digit of p(-13)?
3
Let r = -57 - -82. What is the units digit of r?
5
Suppose -128 = 2*n - 4*n. What is the units digit of n?
4
Let w(t) = -t - 8. Let z be (-2)/5 - (-86)/(-10). What is the units digit of w(z)?
1
Let i(n) = n**2 + 8*n + 5. Let m be i(-6). Let c(x) = x**2 + 5*x - 7. What is the units digit of c(m)?
7
Let o be 2 + 0 - (7 - 2). Let c = o + 18. What is the units digit of c?
5
Let o(z) be the second derivative of 2*z + 5/6*z**4 + 0*z**2 - 1/6*z**3 + 0. What is the units digit of o(1)?
9
Let w = -10 - -32. What is the tens digit of w?
2
Let w(d) = d**3 - 6*d**2 - 13*d + 12. What is the units digit of w(8)?
6
Suppose 0 = 2*a - 3*a + 3. Let x(y) = -y**3 + 4*y**2 - 4*y. Let c be x(a). Let b = -1 - c. What is the units digit of b?
2
Let q be (-330)/15 + 1 + 0. What is the units digit of -1*4*q/12?
7
Suppose 45 = 5*q + 30. What is the units digit of q?
3
Let y(g) = g - 4. Let d be y(6). Suppose 3*m - 4*a - 22 = -d*m, 3*m + 3 = -3*a. What is the units digit of m?
2
Let f be (-14)/(-10) + (-8)/20. Suppose -x + 3*y - 1 = 0, 5 + 6 = 5*x + y. Suppose -x*h = -5 + f. What is the units digit of h?
2
Suppose -4*f + 50 = -26. Suppose 0 = -3*h + 8 + f. What is the units digit of h?
9
Let j be (-70)/(-4) + 4/8. Let m be 2/((1 + 1)/(-2)). What is the tens digit of 1*((-3 - m) + j)?
1
Let u = 0 - -3. Suppose u*y + 15 = 63. Let z = y - 7. What is the units digit of z?
9
Suppose 0*s + 369 = 3*s. What is the hundreds digit of s?
1
Let d(x) = x**2 - x - 10. What is the units digit of d(6)?
0
Let l = 6 + -3. Let s(r) = -3 - l*r + 0 + 0*r + 1. What is the tens digit of s(-6)?
1
Suppose -5*b + 398 = 138. What is the tens digit of b?
5
What is the tens digit of ((4 - 31) + 2)*-2?
5
Suppose 40 = 2*l + 5*s, 0 = -l - 3*s - 9 + 31. What is the units digit of 2/l + 156/20?
8
Suppose -i = -9 - 37. What is the tens digit of i?
4
Let o(x) = 11*x**2 + 6*x + 2. What is the tens digit of o(-4)?
5
Let q(i) = 6*i**2 + i. Let p be q(-1). Suppose 2 - p = -f. What is the units digit of f?
3
Let o(x) = -5*x + 2. Let j be o(-6). Suppose -j = -b - 3*b. What is the units digit of b?
8
Suppose 0 = 2*x - 0*u - 3*u - 189, 0 = -3*x - 5*u + 236. What is the tens digit of x?
8
Let o = 35 + -10. Let g be (-2)/(-9) + o/9. Suppose 4*w - 7 = b, -w - w = g*b - 21. What is the units digit of w?
3
Let x be 1/(-1) + 2 - 7. Let o be 8/x*6/(-4). Suppose -o = -4*l + 30. What is the units digit of l?
8
Suppose u + 3*v - 9 = 12, -3*u = 2*v - 84. What is the tens digit of u?
3
Let q(v) = v**2 - 6*v - 6. Let w be q(5). Let h(x) = x**3 + 10*x**2 - 12*x + 8. What is the units digit of h(w)?
9
Suppose -b + f = 2*b + 5, 0 = -3*b - 4*f + 5. Suppose -5*r - 3 = -4*k, -4*r - 1 = -k - 3. Let m = b + k. What is the units digit of m?
1
Suppose -5*d = -5*g - 5 - 30, 3*d = 12. Let u(n) = -n**3 - 3*n**2 + 1. Let l be u(g). What is the units digit of (-86)/(-8) - l/(-4)?
1
Let a = -40 + 7. Let m(u) = 4*u**3 - 3*u**2 + 2*u. Let n be m(-2). Let h = a - n. What is the tens digit of h?
1
Suppose 0 = 3*y + z - 331, -40 = -5*y - 5*z + 505. Suppose -4*r + 46 = 2*i - 2*r, 5*i + 4*r - y = 0. What is the units digit of i?
9
Let g(i) = i**3 + 6*i**2 + 6*i + 7. Let r be g(-5). Suppose 2*d + d - 2*v + 18 = 0, -d + r*v = 6. What is the units digit of (-9)/d*28/6?
7
Let o = 65 - 45. What is the tens digit of o?
2
Suppose 262 = -5*x - 208. Let a = x + 136. What is the tens digit of a?
4
Let a = 12 + -4. Let d(w) = w**2 - 5*w + 10. What is the tens digit of d(a)?
3
Suppose 128 = 2*u + 2*u. Suppose u = -f + 5*f. Suppose f = j + 5*z, -3*j = z + z - 24. What is the units digit of j?
8
What is the units digit of 198/(-4)*(-6)/9?
3
Let b = -34 - -79. Let h = b - 18. Suppose 0 = 2*n + n - h. What is the units digit of n?
9
Let t(v) = v + 4. Let h(o) = -4*o - 12. Let p(i) = 3*h(i) + 8*t(i). Let j be p(-5). Let g = j + -6. What is the tens digit of g?
1
Let i(t) = 3*t + t**2 - t**2 - 8*t - t**2 - 2. What is the units digit of i(-2)?
4
Let h(a) = a**2 + 3*a + 1. Let u be h(-3). Suppose -2*n + 25 = u. Let i = 20 - n. What is the units digit of i?
8
Let j(o) = o**3 + o**2 + o + 7. Let v be j(0). Suppose r = 5 + v. What is the units digit of r?
2
What is the tens digit of 44 + 2 + (5 - 5)?
4
Let t = 12 + -11. What is the units digit of (t - 3) + (-12)/(-2)?
4
Let u(n) = n. Let k be u(0). Suppose k = -15*f + 10*f + 85. What is the units digit of f?
7
Let y(r) = -2*r - 9. Let s(n) = n**3 + 11*n**2 + n + 1. Let f be s(-11). What is the units digit of y(f)?
1
Let v = -33 + 37. Suppose 5*f + 4*p = 14, 4*f = 3*f - p + 3. Suppose -2*k - f = -v. What is the units digit of k?
1
Let d be (-2 - (2 - 3)) + -12. What is the tens digit of (-1 - 0)*(d + 0)?
1
Let o = -24 + 46. Suppose 5*d - 132 = -o. What is the units digit of d?
2
Let q = 193 - 94. What is the units digit of q?
9
Le